 - 1) - -5) + -11?
-20
36 + -6 + -46 + -15 + -1
-32
What is the value of -3 + 22 + (-10 + 8 + 3 - -2)?
22
What is (-14 + -14 - -6) + 7?
-15
Evaluate -6 - (-27 - -6) - (-5 + 13) - 10.
-3
Calculate (-3 - (23 + -12)) + 0.
-14
Evaluate -11 + -42 + 28 + -10.
-35
-42 + 1 - (1088 - 1100)
-29
What is the value of (1 + -4 - 7) + -7 + 13 - -10?
6
Evaluate 1 + -4 + -7 + 103 + -94 - -3.
2
What is the value of (-12 - (-2 - (6 + (6 - 7)))) + 7?
2
What is the value of 31 - (-3 - (8 - 20))?
22
What is the value of -1 - (-2 - (13 - 2)) - (-185 + 213)?
-16
What is the value of (11 - 16) + 25 + -12 + 16?
24
What is the value of 11 + (-5 - -10) + -16?
0
Calculate 9 - ((-7 - (-8 + 3)) + 9).
2
What is the value of (-8 - (-21 - -32)) + 4?
-15
What is the value of -10 + 16 - 2 - (15 + -11)?
0
Calculate (7 - 7 - -14) + -11 - 0.
3
What is the value of (-11 - -17 - (-1 + 10)) + -4 + 19?
12
Calculate 4 - 10 - (6 - 7).
-5
-8 + (3 + -1 - -14)
8
What is -5 - -32 - (14 - 4)?
17
What is the value of -4 + 10 + -20 + (4 - 19)?
-29
What is 32 + -13 + 4 + 5 + -13?
15
What is (29 - 0) + 43 + -69 + 22?
25
What is the value of (-20 - (8 - 0)) + (2 - 1) + 7?
-20
(7 - -1) + (3 - 34 - -27)
4
(17 - (4 + 1)) + -2 - (-5 - -2)
13
Evaluate 16 + (-4 - -2) - (-5 - 0 - -11).
8
10 - 2 - (27 - 21) - (-1 + 9)
-6
Calculate 14 + -6 + -29 + 32.
11
Calculate 18 + -14 + -10 + 4.
-2
Calculate 128 + -145 - (-36 + -1) - (6 - 2).
16
Evaluate 15 + -28 - (0 + -9).
-4
What is -3 + 0 + 1 + -10 + -5 + 12?
-5
What is the value of -11 + (1 - -2 - 2) - -10?
0
Calculate 22 + -5 + 0 + -2.
15
Evaluate 3 + 1 - (7 - (11 - (5 + 3))).
0
Calculate 0 + -9 - (-28 - -26) - 1.
-8
Calculate -21 - (15 + (2 - 13)) - 2.
-27
Calculate 13 - 32 - -11 - -14.
6
What is the value of -13 - -14 - 8 - 7?
-14
14 + 6 + -10 + 8
18
What is (0 - 1) + (-20 + -10 - -46)?
15
Calculate 2 + (-3 - -1) + 31 + -3954 + 3946.
23
Evaluate (-6 - -16) + 5 + (-2 - 0) - 4.
9
Evaluate -15 - ((6 - 15 - 9) + 14).
-11
(186 - 193) + (1 - -1) + -5
-10
What is 18 - (-18 - -11 - -27)?
-2
Calculate -32 - 0 - (37 - (72 + -28)).
-25
Evaluate -12 - -2 - (-13 + 17) - (55 + -61).
-8
Calculate -26 + (2 + 8 - 5) + 9 + -11.
-23
What is 25 - (-3 + 11 + -2) - 4?
15
What is the value of -41 + 21 - -5 - (-9 + 0)?
-6
What is the value of 12 - (-8 + -4 + 10 + -18 - -1)?
31
Calculate 7 + (7 - ((-4 - -10) + 10) - -4).
2
5 + -5 + 11 + -10 + 13
14
(1 - 1) + (-33 - -48)
15
(-874 - -846) + (1 - -18)
-9
What is the value of (-2 - (-3 + 2)) + (-11 - (-48 + -4))?
40
37 + (-19 - (-34 - -24))
28
Evaluate (0 - (4 + -5) - 16) + 6 - 11.
-20
What is 27 + 1 + (-590 - -570)?
8
What is the value of (-24 - -4 - -24) + 1 + -8 + 0?
-3
Evaluate (5 - -3) + 596 + -574.
30
(1 + 1 + 2 - 2) + 558 + -556
4
What is the value of 8 - (12 + -17 + 0)?
13
110 + -99 + (2 - 7 - -2)
8
-3 + (12 - (6 - (4 + -5))) + 2
4
-1 + -1 + (47 - 48) + 16
13
Evaluate -24 - (-6 - -13 - 16) - -9 - 1.
-7
Evaluate -283 + 234 + (88 - 6).
33
What is the value of (-1 - 20) + 4 + 5 + -12 + 10?
-14
What is the value of -21 + (12 - -35 - 15)?
11
-48 + 54 - (6 - 1)
1
148 - 155 - (-1 - 12)
6
Evaluate 3 - (-9 + 6) - 16.
-10
What is the value of -12 - -4 - (4 - ((-6 - -11) + -2))?
-9
Calculate 2 - -1 - ((8 - (2 - 13)) + -47).
31
Calculate 2 + (2 - (-4 + 3)) - (-9 - -6).
8
What is 1 + 16 - -3 - (-18 - -16 - -4)?
18
What is -1 + -6 + (-435 - -434)?
-8
22 + -9 + -38 + 12 - -16
3
What is the value of -16 + 14 + 3 - (8 - 1) - -6?
0
What is 6 + -4 + 4 + 11 + -12?
5
Calculate -8 + (1 - -5) + -3 - (-11 - -21).
-15
-4 + -11 + (-23 - -27) - -5
-6
-27 - ((-34 - -24) + -2)
-15
Evaluate -31 + (-40 - (-41 + 0)).
-30
Calculate -2 - 3 - (11 - (7 + -5 + 4)).
-10
Evaluate (-22 - -23) + 0 + 3 - -4.
8
What is the value of -2 + 9 + -7 + 3 - -5?
8
What is the value of -18 + 1 + 7 + -11 + 10?
-11
Calculate (21 - (3 - -5)) + 4 + -3 + -3.
11
Calculate -1 - (-27 - (1 - 2 - (24 - 18))).
19
Evaluate (-11 - (0 - (-2 - -2))) + (97 - 102).
-16
Evaluate (-1101 - -1101) + -15 + 1.
-14
What is 12 - (3 + -8 - 2 - -15)?
4
Evaluate 12 + 3 + (-2 - -1) + -2 + 4.
16
Calculate -1 + -1 + 6 + 43 + -40.
7
Evaluate -2 + (-1 - (8 + -6)) + 3 + 5.
3
Calculate 7 + -13 + 4 + -3 + -4.
-9
What is the value of 0 - 1 - (192 + -192)?
-1
-10 - (-10 + -18 + 6) - -8
20
What is -1 - (-2 - (5 - 0))?
6
What is 66 - 45 - (14 + 11)?
-4
What is (1 - -3) + -13 + -5 + -17?
-31
Calculate (7 - (-11 - -24)) + 4.
-2
What is -19 - (34 + (-21 - -20) + -12)?
-40
What is 1 + -19 + (-21 - -31)?
-8
What is the value of (-1 - -2 - -4) + (-9 - -30 - 36)?
-10
What is -48 - -58 - (3 - -5)?
2
Evaluate 18 - (1 - 1 - (62 + -30 - 39)).
11
11 + -1 - (-11 - (2 + -5 - 16))
2
34 - ((8 - -38) + -29)
17
Evaluate 9 + (-13 + 11 - (-13 + 5)).
15
What is -2 + -11 + 3 + 7?
-3
What is the value of 0 - 3 - (6 + -38 + 44)?
-15
What is -14 + (20 - 12) + 6?
0
(5 - (-7 - -3)) + (161 - 143)
27
Evaluate 2 - (0 + 7 + 0 - 8).
3
What is the value of (-13 - -8) + (7 - 9) + 0 + 3?
-4
What is the value of -7 + 1 - (-11 - (-2 - 9))?
-6
5 + (-4 - -2 - (-76 - -62))
17
Calculate -15 - (-27 + 5) - -3.
10
Evaluate (0 - 18) + (-19 + (-4 - -11) - -15).
-15
Calculate -40 + 50 + (-4 - -2).
8
-5 - (14 + (-7 - -1))
-13
Calculate (0 - (-6 - -2)) + -1 + (14 - 16).
1
5 + (18 - (-3 - -12) - 23) - -24
15
What is the value of 3 + -4 + (2 - 4) + 1 + -12?
-14
Calculate -25 + 19 - 2 - 21.
-29
Calculate 12 + -14 - (-5 + (4 - 3) - 2).
4
What is 6 + (-3 - -1 - -1)?
5
Calculate (-16 - -1) + (10 - (-13 - 0 - -13)).
-5
What is the value of 8 + -2 + (-11 - (-6 - 10))?
11
Calculate (1210 - 1202) + (-1 - (13 - (1 - 1))).
-6
Calculate 9 - (1 - 6) - (71 - 70).
13
Calculate -372 + 370 - (-2 - -1 - (-4 + 1)).
-4
What is (-16 + 2 - (-1 + 1)) + 262 + -257?
-9
10 + (-6 - 9) + (6 - (3 - 0))
-2
Calculate -11 - (-22 + -13 + 38).
-14
Evaluate 20 + -35 + 26 + -27.
-16
Calculate (2 - -2) + (2 - 11) - (4 - 16).
7
-24 + 38 + (4 + -4 - 0)
14
Calculate -6 - (7 - (9 - -3) - 9).
8
What is the value of -222 + 204 - (-15 - 1)?
-2
Evaluate (-481 - -466) + (1 - (-1 - 12)).
-1
10 + 7 + -2 + -17
-2
What is 9 - (-2 + 4 - -7) - (-16 + 0)?
16
Calculate -1 - ((20 - 12) + -9 + 0 + -2).
2
What is 9 + -28 + 9 - (-4 - 6)?
0
Evaluate 9 - (-11 + 22) - (10 + -1).
-11
What is -18 - (51 + -22 + -68)?
21
-196 - -194 - (3 - 0 - (1 - 2))
-6
What is -7 - (-14 - -1 - -11)?
-5
(9 + -10 + -4 - 4) + 1
-8
Calculate 179 + -128 + -29 + 1.
23
Calculate (37 - 31 - 14) + 0 + 5.
-3
What is (619 - 655) + (23 - 2)?
-15
What is (-1 - (2 + 2)) + (6 - 8)?
-7
What is the value of -2 + 0 + (73 - 76)?
-5
24 + -17 + -8 + 8
7
Evaluate 59 + -46 - (2 + 2).
9
Evaluate 10 + (-11 - (2 - 6)).
3
What is the value of (-19 + 13 - 18) + -5?
-29
What is the value of 4 - (-27 - -2 - -55)?
-26
14 - (0 - 1 - -25)
-10
What is the value of 11 + -2 - (1 + 20 + -6)?
-6
(-34 - 2) + 4 + (-8 - (2 - 13))
-29
Evaluate 17 - (-27 + 14 + 19).
11
What is the value of -6 + (15 - (-4 + (20 - 8)) - 7)?
-6
Evaluate -5 + -7 + 10 - 6 - (-11 - -1).
2
1 - (-2 - (-12 - 8 - -9))
-8
What is 19 + 7 + -22 - -7?
11
What is 175 + -174 - (-3 + 0 + 0 + -25)?
29
Calculate (-1 - -4) + (-4 - (7 + -4)).
-4
Calculate -12 + 9 + 7 + (0 - 12) + 0.
-8
Calculate 34 + 47 + -79 + -18 + -1.
-17
What is (15 - 28) + 18 - (0 + 1) - -8?
12
Evaluate -15 - (4 + 10 + -27).
-2
What is the value of -17 + (-5 - -14) + 4 + -5?
-9
Evaluate 10 + (-1 - -20 - (17 + -10 - 2)).
24
What is the value of 1 - (5 + -3) - (125 - 112)?
-14
What is the value of 5 + -1 + -26 + 20 + (-15 - 0)?
-17
What is 2 + 1 + (8 + -10 - -8)?
9
Calculate (-8 - (-27 - -4)) + -6 + (-6 - 9).
-6
Evaluate (148 - 146) + (-1 - 12 - (-2 - -2)).
-11
Evaluate -46 - (-6 + -29 - -23).
-34
Calculate 5 + (5 - 22 - 8) + (2 - 3).
-21
(-2 - -1) + 9 + (-13 - 7) + 2
-10
What is the value of (-40 - -28) + -15 + (-1 - 0)?
-28
What is the value of 2 + 0 + (-6 - (8 + 2)) + 5?
-9
Calculate (0 - -23) + 13 + 8 + (-7 - 20).
17
What is the value of 4 + 0 + -1 + -1 + 9 + -4?
7
-13 + 14 + 2 - 7
-4
-9 + (-13 - (-6 - 16))
0
Calculate (-7 - -44) + -12 + -1 - (4 + -6).
26
Evaluate 9 + -6 + (3 - -3) + 2.
11
What is -1 - ((-19 - (-19 + 12)) + 17)?
-6
Calculate 6 - (-61 + 57 + 2 + (3 - 2)).
7
What is the value of (-109 - -90) + 38 + -10?
9
25 + -1 + (-68 + 89 - 11)
34
What is the value of -12 + -2 + 6 + -24 + 10?
-22
What is -9 - (-2 - (-8 - 0) - 7)?
-8
What is 5 - (7 